 remainder when 793 is divided by 262?
7
Calculate the remainder when 79 is divided by 12.
7
Calculate the remainder when 8538 is divided by 14.
12
Calculate the remainder when 121 is divided by 41.
39
What is the remainder when 55 is divided by 26?
3
What is the remainder when 278 is divided by 18?
8
What is the remainder when 4038 is divided by 101?
99
What is the remainder when 158 is divided by 16?
14
Calculate the remainder when 89 is divided by 10.
9
Calculate the remainder when 86 is divided by 31.
24
Calculate the remainder when 400 is divided by 29.
23
What is the remainder when 7758 is divided by 388?
386
Calculate the remainder when 161 is divided by 4.
1
Calculate the remainder when 841 is divided by 27.
4
What is the remainder when 176 is divided by 12?
8
Calculate the remainder when 33 is divided by 14.
5
What is the remainder when 109 is divided by 100?
9
What is the remainder when 1916 is divided by 193?
179
What is the remainder when 699 is divided by 78?
75
Calculate the remainder when 2100 is divided by 64.
52
Calculate the remainder when 158 is divided by 9.
5
What is the remainder when 266 is divided by 184?
82
What is the remainder when 90 is divided by 19?
14
Calculate the remainder when 172 is divided by 69.
34
Calculate the remainder when 3165 is divided by 244.
237
Calculate the remainder when 337 is divided by 17.
14
Calculate the remainder when 984 is divided by 17.
15
What is the remainder when 176 is divided by 175?
1
Calculate the remainder when 254 is divided by 37.
32
Calculate the remainder when 40 is divided by 23.
17
What is the remainder when 165 is divided by 52?
9
What is the remainder when 162 is divided by 11?
8
What is the remainder when 146 is divided by 26?
16
What is the remainder when 154 is divided by 49?
7
What is the remainder when 754 is divided by 76?
70
Calculate the remainder when 1631 is divided by 86.
83
What is the remainder when 16927 is divided by 32?
31
What is the remainder when 135 is divided by 36?
27
What is the remainder when 297 is divided by 13?
11
Calculate the remainder when 761 is divided by 288.
185
What is the remainder when 68 is divided by 38?
30
Calculate the remainder when 33 is divided by 14.
5
Calculate the remainder when 24 is divided by 4.
0
Calculate the remainder when 424 is divided by 111.
91
Calculate the remainder when 31 is divided by 19.
12
Calculate the remainder when 454 is divided by 67.
52
Calculate the remainder when 54 is divided by 8.
6
Calculate the remainder when 395 is divided by 11.
10
What is the remainder when 419 is divided by 84?
83
What is the remainder when 282 is divided by 26?
22
What is the remainder when 3419 is divided by 21?
17
Calculate the remainder when 3863 is divided by 12.
11
What is the remainder when 119 is divided by 57?
5
Calculate the remainder when 20 is divided by 14.
6
What is the remainder when 162 is divided by 15?
12
What is the remainder when 478 is divided by 60?
58
Calculate the remainder when 2036 is divided by 17.
13
Calculate the remainder when 68 is divided by 14.
12
Calculate the remainder when 349 is divided by 69.
4
Calculate the remainder when 221 is divided by 9.
5
What is the remainder when 73 is divided by 38?
35
Calculate the remainder when 342 is divided by 88.
78
What is the remainder when 991 is divided by 197?
6
Calculate the remainder when 229 is divided by 59.
52
What is the remainder when 339 is divided by 170?
169
What is the remainder when 253 is divided by 26?
19
What is the remainder when 150 is divided by 40?
30
Calculate the remainder when 1254 is divided by 13.
6
What is the remainder when 376 is divided by 54?
52
What is the remainder when 2031 is divided by 44?
7
Calculate the remainder when 771 is divided by 277.
217
Calculate the remainder when 91 is divided by 45.
1
What is the remainder when 359 is divided by 16?
7
What is the remainder when 571 is divided by 24?
19
Calculate the remainder when 673 is divided by 115.
98
Calculate the remainder when 243 is divided by 64.
51
What is the remainder when 230 is divided by 58?
56
Calculate the remainder when 2293 is divided by 62.
61
What is the remainder when 96 is divided by 10?
6
Calculate the remainder when 9097 is divided by 13.
10
Calculate the remainder when 35 is divided by 33.
2
Calculate the remainder when 489 is divided by 73.
51
Calculate the remainder when 118 is divided by 51.
16
Calculate the remainder when 684 is divided by 46.
40
What is the remainder when 3859 is divided by 427?
16
Calculate the remainder when 152 is divided by 141.
11
What is the remainder when 119 is divided by 66?
53
What is the remainder when 128 is divided by 20?
8
What is the remainder when 511 is divided by 21?
7
What is the remainder when 511 is divided by 22?
5
Calculate the remainder when 5238 is divided by 45.
18
What is the remainder when 539 is divided by 54?
53
What is the remainder when 1309 is divided by 14?
7
Calculate the remainder when 1119 is divided by 51.
48
Calculate the remainder when 30 is divided by 16.
14
Calculate the remainder when 100 is divided by 35.
30
What is the remainder when 86 is divided by 40?
6
What is the remainder when 107 is divided by 37?
33
Calculate the remainder when 126 is divided by 64.
62
What is the remainder when 84 is divided by 28?
0
Calculate the remainder when 417 is divided by 70.
67
Calculate the remainder when 149 is divided by 18.
5
Calculate the remainder when 5453 is divided by 84.
77
What is the remainder when 431 is divided by 113?
92
Calculate the remainder when 3466 is divided by 1135.
61
What is the remainder when 44 is divided by 24?
20
What is the remainder when 2199 is divided by 50?
49
What is the remainder when 508 is divided by 64?
60
What is the remainder when 25 is divided by 5?
0
Calculate the remainder when 5069 is divided by 130.
129
What is the remainder when 2637 is divided by 24?
21
What is the remainder when 1447 is divided by 54?
43
Calculate the remainder when 123 is divided by 14.
11
Calculate the remainder when 113 is divided by 35.
8
What is the remainder when 575 is divided by 16?
15
Calculate the remainder when 1102 is divided by 222.
214
What is the remainder when 709 is divided by 79?
77
Calculate the remainder when 260 is divided by 112.
36
What is the remainder when 4617 is divided by 287?
25
What is the remainder when 1859 is divided by 52?
39
Calculate the remainder when 245 is divided by 31.
28
Calculate the remainder when 10297 is divided by 100.
97
What is the remainder when 11471 is divided by 15?
11
What is the remainder when 746 is divided by 83?
82
What is the remainder when 29 is divided by 4?
1
Calculate the remainder when 209 is divided by 82.
45
What is the remainder when 205 is divided by 42?
37
Calculate the remainder when 346 is divided by 186.
160
Calculate the remainder when 43 is divided by 27.
16
What is the remainder when 2688 is divided by 19?
9
Calculate the remainder when 1777 is divided by 35.
27
Calculate the remainder when 124 is divided by 43.
38
What is the remainder when 156 is divided by 40?
36
What is the remainder when 13 is divided by 12?
1
What is the remainder when 77 is divided by 4?
1
What is the remainder when 65 is divided by 18?
11
Calculate the remainder when 199 is divided by 20.
19
Calculate the remainder when 226 is divided by 84.
58
What is the remainder when 288 is divided by 24?
0
Calculate the remainder when 251 is divided by 85.
81
Calculate the remainder when 15998 is divided by 50.
48
Calculate the remainder when 795 is divided by 20.
15
What is the remainder when 158 is divided by 59?
40
What is the remainder when 169 is divided by 18?
7
Calculate the remainder when 119 is divided by 22.
9
Calculate the remainder when 7468 is divided by 45.
43
What is the remainder when 47 is divided by 12?
11
What is the remainder when 1113 is divided by 56?
49
Calculate the remainder when 168 is divided by 44.
36
What is the remainder when 71 is divided by 28?
15
What is the remainder when 69 is divided by 36?
33
Calculate the remainder when 578 is divided by 69.
26
Calculate the remainder when 93 is divided by 20.
13
What is the remainder when 16 is divided by 8?
0
What is the remainder when 94 is divided by 19?
18
Calcula